[INFO] fetching crate freek 0.1.0-alpha...
[INFO] checking freek-0.1.0-alpha against master#af3c6e733a40e671550e0f0f5aeecaa13772ba56 for pr-74989
[INFO] extracting crate freek 0.1.0-alpha into /workspace/builds/worker-1/source
[INFO] validating manifest of crates.io crate freek 0.1.0-alpha on toolchain af3c6e733a40e671550e0f0f5aeecaa13772ba56
[INFO] running `Command { std: "/workspace/cargo-home/bin/cargo" "+af3c6e733a40e671550e0f0f5aeecaa13772ba56" "read-manifest" "--manifest-path" "Cargo.toml", kill_on_drop: false }`
[INFO] started tweaking crates.io crate freek 0.1.0-alpha
[INFO] finished tweaking crates.io crate freek 0.1.0-alpha
[INFO] tweaked toml for crates.io crate freek 0.1.0-alpha written to /workspace/builds/worker-1/source/Cargo.toml
[INFO] running `Command { std: "/workspace/cargo-home/bin/cargo" "+af3c6e733a40e671550e0f0f5aeecaa13772ba56" "generate-lockfile" "--manifest-path" "Cargo.toml" "-Zno-index-update", kill_on_drop: false }`
[INFO] [stderr]     Blocking waiting for file lock on package cache
[INFO] running `Command { std: "/workspace/cargo-home/bin/cargo" "+af3c6e733a40e671550e0f0f5aeecaa13772ba56" "fetch" "--locked" "--manifest-path" "Cargo.toml", kill_on_drop: false }`
[INFO] running `Command { std: "docker" "create" "-v" "/var/lib/crater-agent-workspace/builds/worker-1/target:/opt/rustwide/target:rw,Z" "-v" "/var/lib/crater-agent-workspace/builds/worker-1/source:/opt/rustwide/workdir:ro,Z" "-v" "/var/lib/crater-agent-workspace/cargo-home:/opt/rustwide/cargo-home:ro,Z" "-v" "/var/lib/crater-agent-workspace/rustup-home:/opt/rustwide/rustup-home:ro,Z" "-e" "SOURCE_DIR=/opt/rustwide/workdir" "-e" "CARGO_TARGET_DIR=/opt/rustwide/target" "-e" "CARGO_HOME=/opt/rustwide/cargo-home" "-e" "RUSTUP_HOME=/opt/rustwide/rustup-home" "-w" "/opt/rustwide/workdir" "-m" "1610612736" "--user" "0:0" "--network" "none" "rustops/crates-build-env@sha256:d92eaeed33fa75130ca1ee6c8a01d1ffb62bac859dfdfb3450e3e5d1c0146529" "/opt/rustwide/cargo-home/bin/cargo" "+af3c6e733a40e671550e0f0f5aeecaa13772ba56" "metadata" "--no-deps" "--format-version=1", kill_on_drop: false }`
[INFO] [stdout] b9fb7f689ec12e15abea3b6daf660a3e97684615e59660d1527086146471ffb0
[INFO] [stderr] WARNING: Your kernel does not support swap limit capabilities or the cgroup is not mounted. Memory limited without swap.
[INFO] running `Command { std: "docker" "start" "-a" "b9fb7f689ec12e15abea3b6daf660a3e97684615e59660d1527086146471ffb0", kill_on_drop: false }`
[INFO] running `Command { std: "docker" "inspect" "b9fb7f689ec12e15abea3b6daf660a3e97684615e59660d1527086146471ffb0", kill_on_drop: false }`
[INFO] running `Command { std: "docker" "rm" "-f" "b9fb7f689ec12e15abea3b6daf660a3e97684615e59660d1527086146471ffb0", kill_on_drop: false }`
[INFO] [stdout] b9fb7f689ec12e15abea3b6daf660a3e97684615e59660d1527086146471ffb0
[INFO] running `Command { std: "docker" "create" "-v" "/var/lib/crater-agent-workspace/builds/worker-1/target:/opt/rustwide/target:rw,Z" "-v" "/var/lib/crater-agent-workspace/builds/worker-1/source:/opt/rustwide/workdir:ro,Z" "-v" "/var/lib/crater-agent-workspace/cargo-home:/opt/rustwide/cargo-home:ro,Z" "-v" "/var/lib/crater-agent-workspace/rustup-home:/opt/rustwide/rustup-home:ro,Z" "-e" "SOURCE_DIR=/opt/rustwide/workdir" "-e" "CARGO_TARGET_DIR=/opt/rustwide/target" "-e" "CARGO_INCREMENTAL=0" "-e" "RUST_BACKTRACE=full" "-e" "RUSTFLAGS=--cap-lints=forbid" "-e" "CARGO_HOME=/opt/rustwide/cargo-home" "-e" "RUSTUP_HOME=/opt/rustwide/rustup-home" "-w" "/opt/rustwide/workdir" "-m" "1610612736" "--user" "0:0" "--network" "none" "rustops/crates-build-env@sha256:d92eaeed33fa75130ca1ee6c8a01d1ffb62bac859dfdfb3450e3e5d1c0146529" "/opt/rustwide/cargo-home/bin/cargo" "+af3c6e733a40e671550e0f0f5aeecaa13772ba56" "check" "--frozen" "--all" "--all-targets" "--message-format=json", kill_on_drop: false }`
[INFO] [stdout] b47ec91da4667e82cb5954d1e6fb85e5488984624f105bb74ee2f908a9e804e2
[INFO] [stderr] WARNING: Your kernel does not support swap limit capabilities or the cgroup is not mounted. Memory limited without swap.
[INFO] running `Command { std: "docker" "start" "-a" "b47ec91da4667e82cb5954d1e6fb85e5488984624f105bb74ee2f908a9e804e2", kill_on_drop: false }`
[INFO] [stderr]    Compiling cc v1.0.59
[INFO] [stderr]    Compiling byteorder v1.3.4
[INFO] [stderr]    Compiling pkg-config v0.3.18
[INFO] [stderr]    Compiling maybe-uninit v2.0.0
[INFO] [stderr]    Compiling bitflags v1.2.1
[INFO] [stderr]    Compiling crc32fast v1.2.0
[INFO] [stderr]     Checking scopeguard v1.1.0
[INFO] [stderr]    Compiling rayon-core v1.8.0
[INFO] [stderr]    Compiling unicode-xid v0.1.0
[INFO] [stderr]    Compiling log v0.4.11
[INFO] [stderr]     Checking either v1.6.0
[INFO] [stderr]     Checking matches v0.1.8
[INFO] [stderr]     Checking take_mut v0.2.2
[INFO] [stderr]     Checking rle-decode-fast v1.0.1
[INFO] [stderr]     Checking xmlparser v0.10.0
[INFO] [stderr]     Checking siphasher v0.2.3
[INFO] [stderr]     Checking float-cmp v0.5.3
[INFO] [stderr]     Checking bytemuck v1.4.1
[INFO] [stderr]     Checking unicode-vo v0.1.0
[INFO] [stderr]     Checking rctree v0.3.3
[INFO] [stderr]     Checking ttf-parser v0.2.2
[INFO] [stderr]     Checking sw-composite v0.5.10
[INFO] [stderr]     Checking xmlwriter v0.1.0
[INFO] [stderr]     Checking unicode-script v0.3.0
[INFO] [stderr]     Checking typed-arena v1.7.0
[INFO] [stderr]    Compiling crossbeam-utils v0.7.2
[INFO] [stderr]    Compiling memoffset v0.5.5
[INFO] [stderr]    Compiling crossbeam-epoch v0.8.2
[INFO] [stderr]    Compiling num-integer v0.1.43
[INFO] [stderr]    Compiling rayon v1.4.0
[INFO] [stderr]    Compiling num-iter v0.1.41
[INFO] [stderr]    Compiling num-rational v0.2.4
[INFO] [stderr]     Checking unicode-bidi v0.3.4
[INFO] [stderr]     Checking data-url v0.1.0
[INFO] [stderr]     Checking svgtypes v0.5.0
[INFO] [stderr]     Checking rgb v0.8.25
[INFO] [stderr]    Compiling proc-macro2 v0.4.30
[INFO] [stderr]     Checking roxmltree v0.7.3
[INFO] [stderr]     Checking num_cpus v1.13.0
[INFO] [stderr]     Checking memmap v0.7.0
[INFO] [stderr]     Checking kurbo v0.2.3
[INFO] [stderr]     Checking euclid v0.20.14
[INFO] [stderr]    Compiling cmake v0.1.44
[INFO] [stderr]     Checking simplecss v0.2.0
[INFO] [stderr]     Checking libflate v0.1.27
[INFO] [stderr]    Compiling quote v0.6.13
[INFO] [stderr]    Compiling syn v0.15.44
[INFO] [stderr]    Compiling harfbuzz-sys v0.4.1
[INFO] [stderr]     Checking deflate v0.7.20
[INFO] [stderr]     Checking base64 v0.10.1
[INFO] [stderr]    Compiling freetype-sys v0.11.0
[INFO] [stderr]     Checking crossbeam-channel v0.4.4
[INFO] [stderr]     Checking crossbeam-deque v0.7.3
[INFO] [stderr]     Checking png v0.15.3
[INFO] [stderr]     Checking lyon_geom v0.14.1
[INFO] [stderr]     Checking freetype v0.5.1
[INFO] [stderr]     Checking raqote v0.6.4
[INFO] [stderr]     Checking harfbuzz_rs v1.2.0
[INFO] [stderr]     Checking usvg v0.8.0
[INFO] [stderr]    Compiling num-derive v0.2.5
[INFO] [stderr]     Checking jpeg-decoder v0.1.20
[INFO] [stderr]     Checking resvg v0.8.0
[INFO] [stderr]     Checking tiff v0.3.1
[INFO] [stderr]     Checking image v0.22.5
[INFO] [stderr]     Checking ikon v0.1.0-beta.16
[INFO] [stderr]     Checking freek v0.1.0-alpha (/opt/rustwide/workdir)
[INFO] [stdout] error[E0432]: unresolved import `ikon::AsSize`
[INFO] [stdout]  --> src/lib.rs:2:33
[INFO] [stdout]   |
[INFO] [stdout] 2 | use ikon::{image::DynamicImage, AsSize};
[INFO] [stdout]   |                                 ^^^^^^ no `AsSize` in the root
[INFO] [stdout] 
[INFO] [stdout] 
[INFO] [stdout] error[E0437]: type `Key` is not a member of trait `Encode`
[INFO] [stdout]   --> src/lib.rs:52:5
[INFO] [stdout]    |
[INFO] [stdout] 52 |     type Key = Icon;
[INFO] [stdout]    |     ^^^^^^^^^^^^^^^^ not a member of trait `Encode`
[INFO] [stdout] 
[INFO] [stdout] 
[INFO] [stdout] error[E0407]: method `add_entry` is not a member of trait `Encode`
[INFO] [stdout]   --> src/lib.rs:59:5
[INFO] [stdout]    |
[INFO] [stdout] 59 | /     fn add_entry<
[INFO] [stdout] 60 | |         F: FnMut(&DynamicImage, (u32, u32)) -> io::Result<DynamicImage>
[INFO] [stdout] 61 | |     >(
[INFO] [stdout] 62 | |         &mut self,
[INFO] [stdout] ...  |
[INFO] [stdout] 94 | |         }
[INFO] [stdout] 95 | |     }
[INFO] [stdout]    | |_____^ not a member of trait `Encode`
[INFO] [stdout] 
[INFO] [stdout] 
[INFO] [stdout] error: aborting due to 3 previous errors
[INFO] [stdout] 
[INFO] [stdout] 
[INFO] [stdout] Some errors have detailed explanations: E0407, E0432, E0437.
[INFO] [stdout] 
[INFO] [stdout] For more information about an error, try `rustc --explain E0407`.
[INFO] [stdout] 
[INFO] [stderr] error: could not compile `freek`.
[INFO] [stdout] error[E0432]: unresolved import `ikon::AsSize`
[INFO] [stdout]  --> src/lib.rs:2:33
[INFO] [stdout]   |
[INFO] [stdout] 2 | use ikon::{image::DynamicImage, AsSize};
[INFO] [stdout]   |                                 ^^^^^^ no `AsSize` in the root
[INFO] [stdout] 
[INFO] [stdout] 
[INFO] [stderr] 
[INFO] [stdout] error[E0437]: type `Key` is not a member of trait `Encode`
[INFO] [stdout]   --> src/lib.rs:52:5
[INFO] [stdout]    |
[INFO] [stdout] 52 |     type Key = Icon;
[INFO] [stdout]    |     ^^^^^^^^^^^^^^^^ not a member of trait `Encode`
[INFO] [stdout] 
[INFO] [stdout] 
[INFO] [stderr] To learn more, run the command again with --verbose.
[INFO] [stdout] error[E0407]: method `add_entry` is not a member of trait `Encode`
[INFO] [stdout]   --> src/lib.rs:59:5
[INFO] [stdout]    |
[INFO] [stdout] 59 | /     fn add_entry<
[INFO] [stdout] 60 | |         F: FnMut(&DynamicImage, (u32, u32)) -> io::Result<DynamicImage>
[INFO] [stdout] 61 | |     >(
[INFO] [stdout] 62 | |         &mut self,
[INFO] [stdout] ...  |
[INFO] [stdout] 94 | |         }
[INFO] [stdout] 95 | |     }
[INFO] [stdout]    | |_____^ not a member of trait `Encode`
[INFO] [stdout] 
[INFO] [stdout] 
[INFO] [stderr] warning: build failed, waiting for other jobs to finish...
[INFO] [stdout] warning: unused import: `Encode`
[INFO] [stdout]  --> src/test.rs:4:5
[INFO] [stdout]   |
[INFO] [stdout] 4 |     Encode, 
[INFO] [stdout]   |     ^^^^^^
[INFO] [stdout]   |
[INFO] [stdout]   = note: `#[warn(unused_imports)]` on by default
[INFO] [stdout] 
[INFO] [stdout] 
[INFO] [stdout] error: aborting due to 3 previous errors; 1 warning emitted
[INFO] [stdout] 
[INFO] [stdout] 
[INFO] [stdout] Some errors have detailed explanations: E0407, E0432, E0437.
[INFO] [stdout] 
[INFO] [stdout] For more information about an error, try `rustc --explain E0407`.
[INFO] [stdout] 
[INFO] [stderr] error: build failed
[INFO] running `Command { std: "docker" "inspect" "b47ec91da4667e82cb5954d1e6fb85e5488984624f105bb74ee2f908a9e804e2", kill_on_drop: false }`
[INFO] running `Command { std: "docker" "rm" "-f" "b47ec91da4667e82cb5954d1e6fb85e5488984624f105bb74ee2f908a9e804e2", kill_on_drop: false }`
[INFO] [stdout] b47ec91da4667e82cb5954d1e6fb85e5488984624f105bb74ee2f908a9e804e2
